{"id":46,"date":"2017-12-13T00:02:44","date_gmt":"2017-12-12T23:02:44","guid":{"rendered":"http:\/\/paintshoppro.eu\/?page_id=46"},"modified":"2017-12-15T15:39:21","modified_gmt":"2017-12-15T14:39:21","slug":"extraits","status":"publish","type":"page","link":"https:\/\/paintshoppro.eu\/index.php\/extraits\/","title":{"rendered":"Extraits"},"content":{"rendered":"<h2>D\u00e9tourage de cheveux :<br \/>\n<img loading=\"lazy\" decoding=\"async\" class=\"alignnone wp-image-81 size-full\" src=\"http:\/\/paintshoppro.eu\/wp-content\/uploads\/2017\/12\/detourage_cheveux_av_ap.jpg\" alt=\"\" width=\"882\" height=\"336\" srcset=\"https:\/\/paintshoppro.eu\/wp-content\/uploads\/2017\/12\/detourage_cheveux_av_ap.jpg 882w, https:\/\/paintshoppro.eu\/wp-content\/uploads\/2017\/12\/detourage_cheveux_av_ap-300x114.jpg 300w, https:\/\/paintshoppro.eu\/wp-content\/uploads\/2017\/12\/detourage_cheveux_av_ap-768x293.jpg 768w\" sizes=\"auto, (max-width: 709px) 85vw, (max-width: 909px) 67vw, (max-width: 1362px) 62vw, 840px\" \/><\/h2>\n<p>Le d\u00e9tourage des cheveux montr\u00e9 ici (effacement du noir et remplacement par du bleu) a \u00e9t\u00e9 effectu\u00e9 en UN SEUL CLIC. La m\u00e9thode utilis\u00e9e est expliqu\u00e9e \u00e0 la page 119 du livre (version papier). Dans la version num\u00e9rique, voir le chapitre &#8220;Gomme d&#8217;arri\u00e8re-plan&#8221;.<\/p>\n<h2>Retouche corporelle :<br \/>\n<img loading=\"lazy\" decoding=\"async\" class=\"alignnone size-full wp-image-90\" src=\"http:\/\/paintshoppro.eu\/wp-content\/uploads\/2017\/12\/ventre_av_ap.jpg\" alt=\"\" width=\"440\" height=\"325\" srcset=\"https:\/\/paintshoppro.eu\/wp-content\/uploads\/2017\/12\/ventre_av_ap.jpg 440w, https:\/\/paintshoppro.eu\/wp-content\/uploads\/2017\/12\/ventre_av_ap-300x222.jpg 300w\" sizes=\"auto, (max-width: 440px) 85vw, 440px\" \/><\/h2>\n<p>R\u00e9duction abdominale expliqu\u00e9e \u00e0 la page 184 du livre (chapitre &#8220;Le mode Contracter&#8221; de la version num\u00e9rique).<\/p>\n<h2>Traitement de l&#8217;acn\u00e9 :<br \/>\n<img loading=\"lazy\" decoding=\"async\" class=\"alignnone size-full wp-image-93\" src=\"http:\/\/paintshoppro.eu\/wp-content\/uploads\/2017\/12\/acne_av_ap.jpg\" alt=\"\" width=\"656\" height=\"197\" srcset=\"https:\/\/paintshoppro.eu\/wp-content\/uploads\/2017\/12\/acne_av_ap.jpg 656w, https:\/\/paintshoppro.eu\/wp-content\/uploads\/2017\/12\/acne_av_ap-300x90.jpg 300w\" sizes=\"auto, (max-width: 656px) 85vw, 656px\" \/><\/h2>\n<p>M\u00e9thode expliqu\u00e9e \u00e0 la page 68 du livre (chapitre &#8220;Correcteur d&#8217;imperfection&#8221; dans la version num\u00e9rique).<\/p>\n<h2>Effet de peinture :<br \/>\n<img loading=\"lazy\" decoding=\"async\" class=\"alignnone size-full wp-image-95\" src=\"http:\/\/paintshoppro.eu\/wp-content\/uploads\/2017\/12\/chien_av_ap.jpg\" alt=\"\" width=\"848\" height=\"283\" srcset=\"https:\/\/paintshoppro.eu\/wp-content\/uploads\/2017\/12\/chien_av_ap.jpg 848w, https:\/\/paintshoppro.eu\/wp-content\/uploads\/2017\/12\/chien_av_ap-300x100.jpg 300w, https:\/\/paintshoppro.eu\/wp-content\/uploads\/2017\/12\/chien_av_ap-768x256.jpg 768w\" sizes=\"auto, (max-width: 709px) 85vw, (max-width: 909px) 67vw, (max-width: 1362px) 62vw, 840px\" \/><\/h2>\n<p>R\u00e9alisation de style &#8220;peinture \u00e0 l&#8217;huile&#8221; expliqu\u00e9e \u00e0 la page 194 du livre (chapitre &#8220;Pinceau \u00e0 l&#8217;huile&#8221; de la version num\u00e9rique).<\/p>\n<h2>Texte sur un trac\u00e9 :<br \/>\n<img loading=\"lazy\" decoding=\"async\" class=\"alignnone size-full wp-image-98\" src=\"http:\/\/paintshoppro.eu\/wp-content\/uploads\/2017\/12\/journee-portes-ouvertes-final.jpg\" alt=\"\" width=\"262\" height=\"262\" srcset=\"https:\/\/paintshoppro.eu\/wp-content\/uploads\/2017\/12\/journee-portes-ouvertes-final.jpg 262w, https:\/\/paintshoppro.eu\/wp-content\/uploads\/2017\/12\/journee-portes-ouvertes-final-150x150.jpg 150w\" sizes=\"auto, (max-width: 262px) 85vw, 262px\" \/><\/h2>\n<p>Le placement de texte autour d&#8217;un cercle est expliqu\u00e9 \u00e0 la page 157 du manuel (chapitre &#8220;Texte dans un cercle&#8221; de la version num\u00e9rique).<\/p>\n<p>&nbsp;<\/p>\n","protected":false},"excerpt":{"rendered":"<p>D\u00e9tourage de cheveux : Le d\u00e9tourage des cheveux montr\u00e9 ici (effacement du noir et remplacement par du bleu) a \u00e9t\u00e9 effectu\u00e9 en UN SEUL CLIC. La m\u00e9thode utilis\u00e9e est expliqu\u00e9e \u00e0 la page 119 du livre (version papier). Dans la version num\u00e9rique, voir le chapitre &#8220;Gomme d&#8217;arri\u00e8re-plan&#8221;. Retouche corporelle : R\u00e9duction abdominale expliqu\u00e9e \u00e0 la &hellip; <a href=\"https:\/\/paintshoppro.eu\/index.php\/extraits\/\" class=\"more-link\">Continue reading<span class=\"screen-reader-text\"> &#8220;Extraits&#8221;<\/span><\/a><\/p>\n","protected":false},"author":1,"featured_media":0,"parent":0,"menu_order":0,"comment_status":"closed","ping_status":"closed","template":"","meta":{"footnotes":""},"class_list":["post-46","page","type-page","status-publish","hentry"],"_links":{"self":[{"href":"https:\/\/paintshoppro.eu\/index.php\/wp-json\/wp\/v2\/pages\/46","targetHints":{"allow":["GET"]}}],"collection":[{"href":"https:\/\/paintshoppro.eu\/index.php\/wp-json\/wp\/v2\/pages"}],"about":[{"href":"https:\/\/paintshoppro.eu\/index.php\/wp-json\/wp\/v2\/types\/page"}],"author":[{"embeddable":true,"href":"https:\/\/paintshoppro.eu\/index.php\/wp-json\/wp\/v2\/users\/1"}],"replies":[{"embeddable":true,"href":"https:\/\/paintshoppro.eu\/index.php\/wp-json\/wp\/v2\/comments?post=46"}],"version-history":[{"count":19,"href":"https:\/\/paintshoppro.eu\/index.php\/wp-json\/wp\/v2\/pages\/46\/revisions"}],"predecessor-version":[{"id":110,"href":"https:\/\/paintshoppro.eu\/index.php\/wp-json\/wp\/v2\/pages\/46\/revisions\/110"}],"wp:attachment":[{"href":"https:\/\/paintshoppro.eu\/index.php\/wp-json\/wp\/v2\/media?parent=46"}],"curies":[{"name":"wp","href":"https:\/\/api.w.org\/{rel}","templated":true}]}}