{"id":44,"date":"2017-12-13T00:01:00","date_gmt":"2017-12-12T23:01:00","guid":{"rendered":"http:\/\/paintshoppro.eu\/?page_id=44"},"modified":"2017-12-15T18:55:34","modified_gmt":"2017-12-15T17:55:34","slug":"lauteur","status":"publish","type":"page","link":"https:\/\/paintshoppro.eu\/index.php\/lauteur\/","title":{"rendered":"L&#8217;auteur"},"content":{"rendered":"<p>Jean-Luc Ernst est n\u00e9 dans un village \u00e0 l&#8217;ombre d&#8217;une cidrerie, dans le &#8220;Pays de Herve&#8221; \u00e0 l&#8217;Est de la Belgique, une r\u00e9gion riche en vergers.<br \/>\nDe l\u00e0 lui vient sans doute l&#8217;amour de la nature et des animaux.<\/p>\n<p>Son p\u00e8re \u00e9tait horloger et photographe de village. Il l&#8217;aidait \u00e0 transporter jusqu&#8217;\u00e0 la fontaine du village la bassine dans laquelle tourbillonnaient des centaines de photos \u00e0 laver avant s\u00e9chage. Cet environnement familial technologique l&#8217;a ouvert au &#8220;pourquoi&#8221; et au &#8220;comment&#8221; des choses.<\/p>\n<p>Un dipl\u00f4me de psycho-p\u00e9dagogie en poche, il a fr\u00e9quent\u00e9 l&#8217;\u00e9cole de photographie Saint-Luc \u00e0 Li\u00e8ge.<\/p>\n<p>Puis, photographe install\u00e9, il fut le pionnier de la photo argentique &#8220;d\u00e9velopp\u00e9e en une heure en magasin&#8221; \u00e0 l&#8217;\u00e9poque o\u00f9 il fallait 15 jours pour recevoir ses photos chez le photographe.<\/p>\n<p>Curieux de tout, il a acquis un jour l&#8217;ordinateur Sinclair ZX-81 qui l&#8217;a initi\u00e9 \u00e0 l&#8217;informatique, une forme de potion magique qui, tel Ob\u00e9lix, l&#8217;impr\u00e8gne depuis lors.<\/p>\n<p>Il aime expliquer et aider les personnes qui apprennent. C&#8217;est un processus naturel pour lui, issu probablement de son v\u00e9cu.<br \/>\nCe livre en est la concr\u00e9tisation.<\/p>\n<p>Quelques dates :<\/p>\n<ul>\n<li>Depuis 2003, &#8220;Private Beta Tester&#8221; chez Jasc puis Corel. Pour la version PaintShop Pro 8, cr\u00e9ation du script de r\u00e9glage de l&#8217;\u00e9cran qui est fourni ensuite avec toutes les versions du programme.<\/li>\n<li>En 2004, publication du manuel d&#8217;apprentissage <a href=\"http:\/\/www.competencemicro.com\/booklet.php?id=106\" target=\"_blank\" rel=\"noopener\">Bien d\u00e9buter avec Paint Shop Pro 8<\/a>, manuel rapidement \u00e9puis\u00e9.<\/li>\n<li>En 2007, invention du <a href=\"http:\/\/www.digigrey.com\" target=\"_blank\" rel=\"noopener\">Digi Grey<\/a>, un accessoire pour la balance des blancs des appareils photo num\u00e9riques.<\/li>\n<li>En 2011, rencontre avec le baron Patrick Nothomb (le p\u00e8re d&#8217;Am\u00e9lie) pour lequel il prend en charge la r\u00e9\u00e9dition du livre <a href=\"https:\/\/www.stanleyville.be\/livres.html#dans_stanleyville\" target=\"_blank\" rel=\"noopener\">Dans Stanleyville<\/a>, ville dans laquelle il a v\u00e9cu.<\/li>\n<li>En 2017, parution de <a href=\"https:\/\/www.amazon.fr\/dp\/B077XPHPZF\/ref ... ntshop+pro\" target=\"_blank\" rel=\"noopener\">Les outils de PaintShop Pro<\/a> en version num\u00e9rique et papier.<\/li>\n<\/ul>\n<p>Email : <a href=\"mailto:jeanluc.ernst@gmail.com\" target=\"_blank\" rel=\"noopener\">jeanluc.ernst@gmail.com<\/a><\/p>\n<p>&nbsp;<\/p>\n","protected":false},"excerpt":{"rendered":"<p>Jean-Luc Ernst est n\u00e9 dans un village \u00e0 l&#8217;ombre d&#8217;une cidrerie, dans le &#8220;Pays de Herve&#8221; \u00e0 l&#8217;Est de la Belgique, une r\u00e9gion riche en vergers. De l\u00e0 lui vient sans doute l&#8217;amour de la nature et des animaux. Son p\u00e8re \u00e9tait horloger et photographe de village. Il l&#8217;aidait \u00e0 transporter jusqu&#8217;\u00e0 la fontaine du &hellip; <a href=\"https:\/\/paintshoppro.eu\/index.php\/lauteur\/\" class=\"more-link\">Continue reading<span class=\"screen-reader-text\"> &#8220;L&#8217;auteur&#8221;<\/span><\/a><\/p>\n","protected":false},"author":1,"featured_media":69,"parent":0,"menu_order":0,"comment_status":"closed","ping_status":"closed","template":"","meta":{"footnotes":""},"class_list":["post-44","page","type-page","status-publish","has-post-thumbnail","hentry"],"_links":{"self":[{"href":"https:\/\/paintshoppro.eu\/index.php\/wp-json\/wp\/v2\/pages\/44","targetHints":{"allow":["GET"]}}],"collection":[{"href":"https:\/\/paintshoppro.eu\/index.php\/wp-json\/wp\/v2\/pages"}],"about":[{"href":"https:\/\/paintshoppro.eu\/index.php\/wp-json\/wp\/v2\/types\/page"}],"author":[{"embeddable":true,"href":"https:\/\/paintshoppro.eu\/index.php\/wp-json\/wp\/v2\/users\/1"}],"replies":[{"embeddable":true,"href":"https:\/\/paintshoppro.eu\/index.php\/wp-json\/wp\/v2\/comments?post=44"}],"version-history":[{"count":13,"href":"https:\/\/paintshoppro.eu\/index.php\/wp-json\/wp\/v2\/pages\/44\/revisions"}],"predecessor-version":[{"id":129,"href":"https:\/\/paintshoppro.eu\/index.php\/wp-json\/wp\/v2\/pages\/44\/revisions\/129"}],"wp:featuredmedia":[{"embeddable":true,"href":"https:\/\/paintshoppro.eu\/index.php\/wp-json\/wp\/v2\/media\/69"}],"wp:attachment":[{"href":"https:\/\/paintshoppro.eu\/index.php\/wp-json\/wp\/v2\/media?parent=44"}],"curies":[{"name":"wp","href":"https:\/\/api.w.org\/{rel}","templated":true}]}}